at is the remainder when f is divided by 29?
15
Suppose 120*u - 122*u = 4*n - 1026, 8*n = 5*u + 2115. What is the remainder when n is divided by 47?
25
Let h(v) = 3*v**2 + 171*v - 1952. What is the remainder when h(11) is divided by 78?
58
Let t = 7 + 57. Let v = 150 - 134. Suppose -27*n + 209 = -v*n. Calculate the remainder when t is divided by n.
7
Suppose 0 = -3*o - 3*v + 12, 0 = 3*v - 9 - 6. Let g be -3 + (0 - -74) + o. What is the remainder when ((-12)/10)/((-3)/g) is divided by 16?
12
Suppose 0 = 5*m + 3*s - 13, -649*m + 652*m - 3*s = 51. Calculate the remainder when 898 is divided by m.
2
Let h = 546 - -1576. Calculate the remainder when h is divided by 12.
10
Suppose 38*a - 14 = 40*a. Let h(y) = -50*y - 33. Let c be h(a). Let s = c + -149. Calculate the remainder when s is divided by 19.
16
Let j = -4132 - -4221. Suppose i - 3*a = 342, -4*i = -0*i + 5*a - 1402. What is the remainder when i is divided by j?
81
Let s = 1 - -1. Calculate the remainder when 8/(-26) - 35/(5005/(-902)) is divided by s.
0
Suppose -57*n + 108234 - 21309 = 0. What is the remainder when n is divided by 47?
21
Let f = -10906 - -10964. Calculate the remainder when 4281 is divided by f.
47
Calculate the remainder when (1*(2 - 3))/((-15)/8355) is divided by 18.
17
Suppose 359*r - 1076 = 1796. Calculate the remainder when 3799 is divided by r.
7
Suppose 4*n + 9*h + 16 = 5*h, 4*n = -5*h - 21. What is the remainder when 6*(n*-4)/((-18)/69) is divided by 19?
16
Let w(k) = 12*k**2 + 3*k - 2. Suppose 291 = -4*h + 1843. What is the remainder when h is divided by w(1)?
11
Let h = -33 + 46. Let r(z) = -3*z - 3. Let v(d) = d + 1. Let g(q) = -r(q) - v(q). Calculate the remainder when 167 is divided by g(h).
27
Let h be ((-8)/(-9))/(-4) + 772/(-9). Let c = 125 + h. Let d = -81 + 197. What is the remainder when d is divided by c?
38
Suppose 0 = 4*n + 5*s, 3*n + 2*s = 3*s + 19. Suppose 33 = 4*v + n. Let l = v - -24. What is the remainder when l is divided by 8?
7
Let g(w) = w + 30. Let f be g(-28). Suppose 4*r = 2*r - 4*p + 24, 0 = f*r - 3*p + 11. What is the remainder when 12 is divided by r?
0
Let o(g) = 5*g**2 + 3*g + 5. Suppose 0 = 2*b + 2*b + 4*w - 96, -b + 20 = 5*w. What is the remainder when o(-4) is divided by b?
23
Let u = 113 + -110. Suppose 0*c + 5*c - 3*h - 545 = 0, -4*c + 409 = u*h. Suppose 0 = 4*y + 4*y - 72. Calculate the remainder when c is divided by y.
7
Let x be 12*-12 + -2 + 1 + 0. Let a = x - -168. What is the remainder when a is divided by 8?
7
Let l = 15390 - 9238. Calculate the remainder when l is divided by 21.
20
Suppose -3*n - 336 = -4*c, 5*c + 4*n - 413 = 6*n. Suppose -3*t = -6, -115*m + 114*m = -2*t + 5. What is the remainder when c is divided by (-8 + 10)*m - -14?
9
What is the remainder when 198 is divided by ((-12180)/(-336))/(5/4)?
24
Suppose 2*h + 2*m - 416 = 0, -346*h + 4*m + 1022 = -341*h. What is the remainder when h is divided by 46?
22
Suppose 339*z = 361*z - 108 - 68. What is the remainder when 1222 is divided by z?
6
Let y = 21 + -11. Suppose 2*w - 14 = 3*i, -58*w + 62*w + 4*i = 8. Calculate the remainder when (y - 0)/(3 + -2) is divided by w.
2
Let b = -31 + 31. Suppose -4*p + b + 20 = 4*c, -c - 13 = -5*p. Suppose 4*g = p*g + 15. What is the remainder when 59 is divided by g?
14
Let c be (147 + (3 - 8))/(-4 - -2). Let r = c - -221. Suppose -2*n + 120 = 4*q, 0*n - 3*n = -5*q + r. What is the remainder when 57 is divided by q?
27
Let r(k) = -2*k**2 + 17*k + 172. Let p be r(14). Suppose 0 = -2*z - p + 104. What is the remainder when z is divided by 10?
3
Let i = -19 + 30. Let t = -33 + 44. Calculate the remainder when i is divided by t.
0
What is the remainder when 207 is divided by (91/65)/((-7)/(-35))?
4
Suppose -138*v + 404981 + 248462 - 110689 = 0. Calculate the remainder when v is divided by 32.
29
Let z be (147/(-9) + -1)*(-18)/4. Let n = -56 + z. Suppose s - n = 59. Calculate the remainder when s is divided by 28.
25
What is the remainder when 333 is divided by ((-45)/84 - 8/(-28))*31320/(-90)?
72
Let w be (1 + 3/4)/(46/(-184)). Calculate the remainder when (2 - -76)/2*1 is divided by (w - 0)*(-18)/9.
11
Let k = -7843 + 8726. What is the remainder when k is divided by 17?
16
Suppose -6 = -5*w + 2*t, 2*w + 10*t = 5*t - 15. Suppose -y - 3*q + 2*q + 54 = w, -2*q + 6 = 0. What is the remainder when 98 is divided by y?
47
Let k(x) = x**3 - 3*x**2 - 2*x + 37. Let v = -77 + 77. Calculate the remainder when 147 is divided by k(v).
36
Suppose 3565 = 7*r - 2588. Suppose 10*i + r = 2179. What is the remainder when i is divided by 45?
40
Let g(l) be the third derivative of -l**4/6 - 14*l**3/3 + 23*l**2 + 5*l. What is the remainder when 166 is divided by g(-14)?
26
Let f(m) = m**3 - 4*m**2 + 6*m - 3. Let i(z) = -36*z + 5. Let c(s) = 25*s - 3. Let h(l) = -7*c(l) - 5*i(l). What is the remainder when h(8) is divided by f(4)?
15
Let z = 171 + -165. Let x(d) be the first derivative of d**2 - 7*d - 6. What is the remainder when x(12) is divided by z?
5
Suppose 100*d - 133897 = 35203 - 29000. Calculate the remainder when d is divided by 44.
37
Suppose 0 = -5*v + 6*v. Let n = 9 + v. Calculate the remainder when n is divided by 72/(-126)*(-2 + 9/(-6)).
1
Let v be ((-125)/(-10))/(3/(-2) + 2). Suppose 10*j - v = 5*j. Suppose -56 = -4*q - 5*x, 4*x - 70 = -0*q - j*q. Calculate the remainder when 82 is divided by q.
12
Let r = -31 + 24. Let d = 22 + r. Calculate the remainder when 27 is divided by d.
12
Let g(r) = 2*r**3 - 87*r**2 + 41*r + 212. Calculate the remainder when 318 is divided by g(43).
66
Suppose -43 = -4*i + 3*i. Suppose 5*o + 4*x - 47 = 6*x, 3*x = 3*o - 30. Calculate the remainder when i is divided by (28/4 - o) + 11.
7
Calculate the remainder when 1004 is divided by (-33)/(-7) + (-16)/(-56) - (0 + -34).
29
Let g(u) = -9*u + 1. Suppose l = 4*l - 96. Suppose 2*z - k = 4*z - l, 3*k = z - 2. What is the remainder when g(-6) is divided by z?
13
Let u(n) = 4*n + 1. Let m(t) = -t**2 + 4*t + 2. Suppose 0 = 7*r - 9 - 12. Let p(f) = r*u(f) - 2*m(f). What is the remainder when p(6) is divided by 32?
31
Suppose -2*z + 57 = -5*d, 70*z - 69*z - 39 = -d. What is the remainder when z is divided by 7?
1
Let i = -5 - 45. Let o be 10/12*(-20)/i*-3. Calculate the remainder when 1 + (o - 6/(-3)) - -69 is divided by 37.
34
Let j(r) = 203*r + 14. Calculate the remainder when 186 is divided by j(0).
4
Let q = -295 - -303. Suppose 0 = q*g - 313 + 49. What is the remainder when g is divided by 25?
8
Let c be (6/5)/(6/80). Let v = c - 14. Let i(j) = -8*j + 173. What is the remainder when i(21) is divided by v?
1
Suppose -4*b = -5*o + 383, 2*b = 206*o - 204*o - 152. Calculate the remainder when 200 is divided by o.
42
Suppose 0 = y + 65*c - 70*c - 85, 344 = 5*y + 2*c. What is the remainder when 238 is divided by y?
28
Let y(m) = 27*m - 87. Let n = -10 - -10. Suppose -3*h = 3*t + h - 276, n = 2*t - h - 184. Calculate the remainder when t is divided by y(5).
44
Suppose -25*q = -28*q + 21. Suppose -3*g + 0*w - 5*w = 13, -3*g + w + 17 = 0. What is the remainder when (-23 + g - 4)/(-1) is divided by q?
2
Suppose -6*a = -36 - 102. Suppose a*y - 111 = 20*y. Calculate the remainder when 42/(-4)*(-1 + -13) is divided by y.
36
Let s(v) = v**3 + v**2 - v + 250. Let b be s(0). Calculate the remainder when 623 is divided by ((-1)/2)/((-1)/(b + 2)).
119
Let g(u) = 3564*u**3 - 4*u**2 - 6*u + 9. What is the remainder when g(1) is divided by 198?
197
Let h(b) = -b + 31. Let c = -172 - -294. Let u = c + -79. Calculate the remainder when u is divided by h(9).
21
Suppose -4*n + 160 = -4*b, -4*n = -b + 5*b - 152. Suppose 0*s = -s + 74. Calculate the remainder when s is divided by n.
35
Suppose 4*k + 3632 = -p + 4455, -2*p - k = -1688. What is the remainder when 1730 is divided by p?
36
Let x be (9/6)/(9/24)*3. Suppose -2*o + 26 = -x. Calculate the remainder when 35 is divided by o.
16
Suppose 0 = 3*u - 9, 2*q - 2*u + 44 = 1648. Calculate the remainder when q is divided by 26.
25
Suppose -162 = 7*t + 2*t. Let c be -4*(-19)/t + 2/9. Let o = 4 - c. Calculate the remainder when 38 is divided by o.
6
Let h(y) = -329*y + 5878. Calculate the remainder when 428 is divided by h(17).
143
Suppose -66*x = 26*x - 31924. What is the remainder when x is divided by 10?
7
Let c(k) = 34*k - 2444. Calculate 